 (-1)/c?
2, 3
Let t = -26 - -63. Let r = t - 25. What are the prime factors of r?
2, 3
Let w(l) = 2*l - 1. Let g be w(2). Suppose 3*z + 5*m = -0*z + 6, -5*z - 3*m + 10 = 0. Suppose g*n - 8 = -z. What are the prime factors of n?
2
Let s(w) = w**2 + 5*w. What are the prime factors of s(-7)?
2, 7
Let f = 20 + -15. Suppose l - f = 15. List the prime factors of l.
2, 5
Let x = 496 + -342. List the prime factors of x.
2, 7, 11
Suppose -o = 3*g - 26, 5*o - 4*g = -25 + 117. Let q = o + -8. List the prime factors of q.
2, 3
Let l(t) = -t**3 + 7*t**2 + 2*t + 8. List the prime factors of l(6).
2, 7
Let l(y) = -7*y**2 + 3*y**2 + 3 + 6*y**2. Let n be ((-3)/3 - 2)*-1. What are the prime factors of l(n)?
3, 7
Let p = -19 + 26. What are the prime factors of p?
7
Let o(j) be the third derivative of -j**6/120 + 7*j**5/60 - j**4/24 - j**3 - 3*j**2. List the prime factors of o(6).
2, 3
Let v(a) = a**2 + 9*a - 4. List the prime factors of v(-10).
2, 3
Suppose -154 = -2*w - 5*w. List the prime factors of w.
2, 11
Let o(r) = r**2 + 7*r - 4. Let b be o(-8). List the prime factors of ((-75)/(-12) + -2)*b.
17
Suppose 4*i - 12 = -0. List the prime factors of i.
3
Let m be (-243)/5 - (-4)/(-10). Let g = 29 + m. List the prime factors of (-5)/g + 47/4.
2, 3
Suppose -c + 26 = 4*d + 4*c, 2*d + 4*c - 16 = 0. List the prime factors of (-22 - (d + -1))*-1.
5
Suppose 0 = 4*v - 3*v + c - 14, 2*v = 5*c. What are the prime factors of v?
2, 5
Let l(i) = -9*i + 9 - 5 + 0. Let m be l(-4). Suppose 0 = -2*a - 4*d + 16, -3*a - 2*d + m = -0*d. What are the prime factors of a?
2
Let j be ((-4)/(-2) - 1)*-1. Let n = j - -6. List the prime factors of n.
5
Suppose 2*f + c - 27 - 89 = 0, 59 = f + c. List the prime factors of f.
3, 19
Suppose -4*x + 39 = -m, 2*m + 37 - 7 = -4*x. Let r = m - -33. Suppose -5*v + 3*f = -38, -4*f - r = -3*v + 15. What are the prime factors of v?
7
Let k(z) = -2 + 0 - z + 0 + 3. What are the prime factors of k(-5)?
2, 3
Suppose p = 3*m - 15, 3*m + 5*p - 2*p = 3. Suppose 4*r + 27 - 66 = -3*j, 0 = -m*j - 2*r + 42. Suppose 5*f - 2*f = j. List the prime factors of f.
3
Let w = 39 + -25. List the prime factors of w.
2, 7
Let q(d) = -d**3 + 4*d**2 - 2*d - 1. List the prime factors of q(2).
3
Suppose -5*s + 2*w - 203 = -w, 0 = 3*w + 12. Let u = 63 + s. List the prime factors of u.
2, 5
Let z = 29 + -19. Let h(g) be the third derivative of -g**5/60 + 3*g**4/8 + 7*g**3/3 - 2*g**2. What are the prime factors of h(z)?
2
Suppose 0 = -3*o - 0*s - 5*s - 9, -5*o - 3*s = -1. Suppose 4*k + 0*r = 3*r + 28, -o*k = -3*r - 20. List the prime factors of k.
2
Suppose -r + 15 = -2*f, -3*f = -4*r - 0*f + 35. Suppose -u + k = -2*u + 41, -2*u - r*k = -85. What are the prime factors of u?
2, 5
Let c(m) = m**2 + 1. Let f = 1 + -1. Suppose -g - z - 5 = f, 5*g + 7 = 4*z - 0. List the prime factors of c(g).
2, 5
Let z(g) = -g**2 - 7*g - 7. Let p = 10 + -16. Let m be z(p). Let x(r) = -17*r + 1. What are the prime factors of x(m)?
2, 3
Let d(c) = 5*c**2 + 2*c + 2. Let r be d(-1). Suppose r*l - 45 = -10. What are the prime factors of l?
7
Let y(a) = a**3 + a**2 - 1. Let l be y(1). Let o = l - -1. Suppose 0*t = o*t - 20. What are the prime factors of t?
2, 5
Suppose -z - 3 = -14. What are the prime factors of z*(-2)/6*-3?
11
Let h(x) = -x**3 - 7*x**2 - 5*x + 1. Let b be h(-8). Suppose b = q + 4*q + 5*v, 0 = -4*q - v + 69. Let k = q - 5. What are the prime factors of k?
11
Suppose -2*k + 52 = -4*w - 88, 3*k - 5*w = 212. What are the prime factors of k?
2, 37
Let q = 5 - 8. List the prime factors of (1/q)/(1/(-39)).
13
Let b(g) = g**3 - 4*g**2 - 5*g + 3. Let k be b(5). What are the prime factors of (k + 0)*(4 + -1)?
3
Suppose 0 = 12*d - 2361 + 645. List the prime factors of d.
11, 13
Suppose 2*n + 2*n + 3*w + 89 = 0, -w + 5 = 0. List the prime factors of n/2*10/(-5).
2, 13
Suppose -972 = -14*a + 8*a. List the prime factors of a.
2, 3
Suppose -p = -3*t - 22, -2*p - p - 3*t + 78 = 0. List the prime factors of p.
5
Let i = 9 + -6. Suppose 2*d - 7 - i = 2*q, -d = -2*q - 7. Suppose d*t = 4*t - 14. What are the prime factors of t?
2, 7
Let w(h) = -h - 10. Let z(b) = -b - 10. Let o be (-7)/(-35) - (-31)/(-5). Let s(n) = o*w(n) + 5*z(n). What are the prime factors of s(-8)?
2
Let i(m) = -2*m**2 + 3*m**2 - 1 - 1. Suppose b + 4 = -0*b. List the prime factors of i(b).
2, 7
Let x(n) be the second derivative of 1/20*n**5 + 1/3*n**3 - 1/4*n**4 - 3/2*n**2 + 0 + n. What are the prime factors of x(3)?
3
Suppose -30 = -5*y - 5*k, -2 = -3*y + 4*k + k. Suppose -l = 5*h - 29, 4*l = 5*l - y. What are the prime factors of h?
5
Suppose -3*x = -189 + 9. What are the prime factors of x?
2, 3, 5
Let o(j) = 2*j - 6. Let d be o(9). Suppose 0 = -2*c - 2*c + d. What are the prime factors of c?
3
Let p = 4 + -9. Let n = p - -23. List the prime factors of n.
2, 3
Let q(m) = -12*m - 6. What are the prime factors of q(-3)?
2, 3, 5
Let y(f) be the third derivative of -f**6/360 + 7*f**5/120 - f**4/4 + f**3/6 - 2*f**2. Let w(j) be the first derivative of y(j). List the prime factors of w(4).
2, 3
Suppose -4*d + 8 = 20. List the prime factors of 3 + -1 - (-5 + d).
2, 5
Let b(m) = -21*m - 48. List the prime factors of b(-14).
2, 3, 41
Let d(c) be the first derivative of -5*c**2/2 - 4*c + 4. What are the prime factors of d(-2)?
2, 3
Let z be -4 + (-5)/(10/(-4)). Let c be 2 - z - (1 + 1). Let u(s) = s**3 - 3*s + 3. List the prime factors of u(c).
5
Let g(u) = 88*u - 1. What are the prime factors of g(1)?
3, 29
Let c(s) = s**2 - 4*s - 10. List the prime factors of c(6).
2
Let s(a) = 6*a + 6 + 0*a - 4*a - a. Let b be s(-4). What are the prime factors of (-8 + 0)*b/(-4)?
2
Let f(i) = 13*i + 1. List the prime factors of f(8).
3, 5, 7
Let o be 2 - (3 - (-3)/1). Let u = o - -38. Suppose -u - 30 = -4*h. What are the prime factors of h?
2
Let t be (7/(-4))/((-2)/(-8)). Let k = t - -7. What are the prime factors of k - (-2 - -2 - 3)?
3
List the prime factors of (186 - 0*3/9) + -1.
5, 37
Suppose -q = -3*q - 6, -t + 2*q + 13 = 0. List the prime factors of t.
7
What are the prime factors of 4 - ((4 - 4) + -2)?
2, 3
Suppose 125 + 365 = 5*i + 2*k, 4*i - 369 = 3*k. What are the prime factors of i?
2, 3
Suppose g = l + 6, -3*g + 16 = -5*l - 8. Suppose -g*v = 2*v - 10. List the prime factors of v.
2
Suppose 0 = -3*r - 29 + 71. Suppose -6 - r = -4*h. Suppose -n + 3*s + 2 = s, -s = -h*n + 10. List the prime factors of n.
2
Let w(m) be the second derivative of -m**4/12 + 2*m**3 - 11*m**2/2 - 4*m. What are the prime factors of w(9)?
2
Let o(h) = h + 17. List the prime factors of o(-8).
3
Let q = 56 + -53. List the prime factors of q.
3
Let w be ((-6)/(-8) - 2)*-20. Suppose 2*m = -4*d + 4*m - 10, 0 = 4*d + 5*m - w. Suppose d = -2*i - i + 36. What are the prime factors of i?
2, 3
Let r be (-1)/(-3)*(8 - -1). Suppose -15 = -r*t - 6. Suppose -t*u = -u - 4. List the prime factors of u.
2
Suppose -13 - 422 = -5*b. List the prime factors of b.
3, 29
Suppose 5*o - 3*o = -3*j + 36, 0 = 3*j + 4*o - 42. Let z = 0 + j. What are the prime factors of z?
2, 5
Let s(h) = h**3 + 6*h**2 + 3*h + 7. Let r be s(-6). Let a(j) = -j + 3. List the prime factors of a(r).
2, 7
Let l be 1*(6 - 0)*1. Suppose 3*g - 39 = l*g. Let j = -1 - g. List the prime factors of j.
2, 3
Suppose -f + 18 = -3*o - 16, -2*o = -3*f + 95. Suppose 0 = -n + f + 7. List the prime factors of n.
2, 19
Let y(w) = -w**2 + 5*w + 4. Let q be y(5). Suppose 2*h - q*z = -28, -5*z = 3*h - h - 8. Let l = 15 + h. List the prime factors of l.
3
Suppose 3*o + 4 = 4*o. Suppose -o*v + 49 = -27. What are the prime factors of v?
19
What are the prime factors of 30/5*10/4?
3, 5
Suppose -2*r + 5*r - 3*m = 411, -2*m + 391 = 3*r. List the prime factors of r.
7, 19
Suppose -84 = -2*n + 36. Suppose 0 = -4*p + n. List the prime factors of p.
3, 5
Let p be 1/(-2*(-2)/20). Suppose -201 = -p*l - v, 0 = 3*l - v - 88 - 39. What are the prime factors of l?
41
Suppose 185 = 4*y - 3. What are the prime factors of y?
47
Let v be 4 - -1 - 0/2. Let l = -2 + v. What are the prime factors of l?
3
Suppose -3*n + 8*d + 107 = 3*d, -d = 2*n - 67. Let b = n - -10. What are the prime factors of b?
2, 11
Let r = -110 - -199. List the prime factors of r.
89
Let k(m) = -6*m**2 - 3*m - 5. Let f(r) = -25*r**2 - 12*r - 21. Let h(z) = 2*f(z) - 9*k(z). Let s be